{"id":330,"date":"2026-02-19T08:36:44","date_gmt":"2026-02-19T07:36:44","guid":{"rendered":"https:\/\/roos-consult.de\/?page_id=330"},"modified":"2026-04-23T08:53:18","modified_gmt":"2026-04-23T06:53:18","slug":"veroeffentlichungen","status":"publish","type":"page","link":"https:\/\/roos-consult.de\/?page_id=330","title":{"rendered":"Ver\u00f6ffentlichungen"},"content":{"rendered":"<p>[et_pb_section fb_built=&#8220;1&#8243; admin_label=&#8220;Header&#8220; _builder_version=&#8220;4.27.5&#8243; _module_preset=&#8220;default&#8220; use_background_color_gradient=&#8220;on&#8220; background_color_gradient_direction=&#8220;90deg&#8220; background_color_gradient_stops=&#8220;#292929 25%|rgba(0,0,0,0) 100%&#8220; background_color_gradient_overlays_image=&#8220;on&#8220; background_color_gradient_start=&#8220;#292929&#8243; background_color_gradient_start_position=&#8220;25%&#8220; background_color_gradient_end=&#8220;rgba(0,0,0,0)&#8220; background_image=&#8220;https:\/\/roos-consult.de\/wp-content\/uploads\/2026\/02\/roos-consult-was-wir-versprechen-teaser-1024&#215;269-1.jpg&#8220; custom_padding=&#8220;||0px||false|false&#8220; global_colors_info=&#8220;{}&#8220;][et_pb_row _builder_version=&#8220;4.16&#8243; _module_preset=&#8220;default&#8220; global_colors_info=&#8220;{}&#8220;][et_pb_column type=&#8220;4_4&#8243; _builder_version=&#8220;4.16&#8243; _module_preset=&#8220;default&#8220; global_colors_info=&#8220;{}&#8220;][et_pb_image src=&#8220;https:\/\/roos-consult.de\/wp-content\/uploads\/2026\/02\/logo_roos_white.png&#8220; title_text=&#8220;logo_roos_white&#8220; _builder_version=&#8220;4.24.2&#8243; _module_preset=&#8220;default&#8220; custom_margin=&#8220;||79px|||&#8220; global_colors_info=&#8220;{}&#8220;][\/et_pb_image][et_pb_text _builder_version=&#8220;4.27.5&#8243; _module_preset=&#8220;53fac924-1644-4f70-a8a0-435df3cf1c52&#8243; header_font=&#8220;ABeeZee|600|||||||&#8220; header_text_color=&#8220;#FFFFFF&#8220; header_font_size=&#8220;65px&#8220; header_line_height=&#8220;1.1em&#8220; width=&#8220;100%&#8220; width_tablet=&#8220;83%&#8220; width_phone=&#8220;75%&#8220; width_last_edited=&#8220;on|tablet&#8220; max_width=&#8220;183%&#8220; max_width_tablet=&#8220;184%&#8220; max_width_phone=&#8220;184%&#8220; max_width_last_edited=&#8220;on|tablet&#8220; custom_margin=&#8220;|-95px||||&#8220; header_font_size_tablet=&#8220;50px&#8220; header_font_size_phone=&#8220;24px&#8220; header_font_size_last_edited=&#8220;on|phone&#8220; locked=&#8220;off&#8220; global_colors_info=&#8220;{}&#8220;]<\/p>\n<h1>Ver\u00f6ffentlichungen<\/h1>\n<p>&nbsp;<\/p>\n<p>[\/et_pb_text][\/et_pb_column][\/et_pb_row][\/et_pb_section][et_pb_section fb_built=&#8220;1&#8243; admin_label=&#8220;Testimonial&#8220; _builder_version=&#8220;4.27.5&#8243; _module_preset=&#8220;default&#8220; background_color=&#8220;#272e2e&#8220; custom_padding=&#8220;3px||4px|||&#8220; global_colors_info=&#8220;{}&#8220;][et_pb_row column_structure=&#8220;2_5,3_5&#8243; _builder_version=&#8220;4.27.5&#8243; _module_preset=&#8220;default&#8220; custom_padding=&#8220;58px||86px|||&#8220; global_colors_info=&#8220;{}&#8220;][et_pb_column type=&#8220;2_5&#8243; _builder_version=&#8220;4.27.5&#8243; _module_preset=&#8220;default&#8220; global_colors_info=&#8220;{}&#8220;][et_pb_text _builder_version=&#8220;4.27.5&#8243; _module_preset=&#8220;default&#8220; header_2_font=&#8220;ABeeZee||||||||&#8220; header_2_text_color=&#8220;#FFFFFF&#8220; header_2_font_size=&#8220;30px&#8220; custom_margin=&#8220;||-12px|||&#8220; global_colors_info=&#8220;{}&#8220;]<\/p>\n<h2><strong>Print<\/strong><\/h2>\n<p>[\/et_pb_text][et_pb_divider color=&#8220;#FFFFFF&#8220; divider_position=&#8220;center&#8220; divider_weight=&#8220;4px&#8220; _builder_version=&#8220;4.27.5&#8243; _module_preset=&#8220;default&#8220; width=&#8220;34%&#8220; global_colors_info=&#8220;{}&#8220;][\/et_pb_divider][et_pb_icon font_icon=&#8220;&#xf518;||fa||900&#8243; icon_color=&#8220;#FFFFFF&#8220; align=&#8220;left&#8220; _builder_version=&#8220;4.27.5&#8243; _module_preset=&#8220;default&#8220; global_colors_info=&#8220;{}&#8220;][\/et_pb_icon][\/et_pb_column][et_pb_column type=&#8220;3_5&#8243; _builder_version=&#8220;4.27.5&#8243; _module_preset=&#8220;default&#8220; global_colors_info=&#8220;{}&#8220;][et_pb_text _builder_version=&#8220;4.27.5&#8243; _module_preset=&#8220;default&#8220; text_font=&#8220;ABeeZee||||||||&#8220; text_text_color=&#8220;#FFFFFF&#8220; global_colors_info=&#8220;{}&#8220;]<\/p>\n<p>Roos, C., Nickut, J. (2022). <strong>Ma\u00dfnahmen zur Karriereentwicklung.<\/strong> In: M\u00fcller-Vorb\u00fcggen, M. &amp; Radel, J. (Hrsg.), Handbuch Personalentwicklung &#8211; Die Praxis der Personalbildung, Personalf\u00f6rderung und Arbeitsstrukturierung, 5. Auflage (Freiburg: Schaeffer P\u00f6schel).<\/p>\n<p>Roos, C. (2019). <strong>Personalmarketing &#8211; Orientierung im Siegel-Dschungel.<\/strong> Hamburgs beste Ausbildungsbetriebe und Arbeitgeber 1\/2019, S. 14. Hamburg: Poleposition.<\/p>\n<p>Sarges, W. &amp; Roos, C. (2018). <strong>Selbst- und Fremdurteile beim 360-Grad-Feedback.<\/strong> In: Domsch, M., Regnet, E, &amp; von Rosentstiel, L. (Hrsg.), F\u00fchrung von Mitarbeitern \u2013 Fallstudien zum Personalmanagement, 4. Auflage (Freiburg: Schaeffer P\u00f6schel).<\/p>\n<p>Roos, C., Nickut, J. (2016). <strong>Personalentwicklung und Karrieremanagement &#8211; Ein Ansatz auch f\u00fcr obere F\u00fchrungsebenen.<\/strong> In: Br\u00f6ckermann, R. &amp; M\u00fcller-Vorbr\u00fcggen, M. (Hrsg.), Handbuch Personalentwicklung, 4. Auflage (Freiburg: Schaeffer P\u00f6schel).<\/p>\n<p>Roos, C. (2013). <strong>Online-Recherchen.<\/strong> In: Sarges, W. (Hrsg.), Management-Diagnostik, 4., v\u00f6llig \u00fcberarbeitete und erweiterte Auflage (G\u00f6ttingen: Hogrefe).<\/p>\n<p>Roos, C. (2013). <strong>Printmedien- und Online-Suche.<\/strong> In: Sarges, W. (Hrsg.), Management-Diagnostik, 4., v\u00f6llig \u00fcberarbeitete und erweiterte Auflage (G\u00f6ttingen: Hogrefe).<\/p>\n<p>Roos, C. &amp; Sarges., W. (2012). <strong>Individuelle Kompetenzanalyse der oberen Manager nach Neuausrichtung von F\u00fchrungsfunktionen.<\/strong> In: Rosenstiel u.a., Change Management Praxis. Heidelberg: Springer.<\/p>\n<p>Sarges, W. Wottawa, H &amp; Roos, C. (Hrsg.) (2009). <strong>Handbuch wirtschaftspsychologischer Testverfahren. <\/strong>Band 2: Organisationspsychologische Instrumente. (Lengerich: Pabst).<\/p>\n<p>Sarges, W. &amp; Roos, C. (2008). <strong>SELF-BF \u2013 ein indirektes Verfahren zur Erfassung der Big Five.<\/strong> In: Sarges, W. Scheffer, D. (Hrsg.), Innovative Ans\u00e4tze der Eignungsdiagnostik. G\u00f6ttingen: Hogrefe.<\/p>\n<p>[\/et_pb_text][\/et_pb_column][\/et_pb_row][\/et_pb_section][et_pb_section fb_built=&#8220;1&#8243; admin_label=&#8220;Testimonial&#8220; _builder_version=&#8220;4.27.5&#8243; _module_preset=&#8220;default&#8220; background_color=&#8220;#272e2e&#8220; custom_padding=&#8220;3px||4px|||&#8220; global_colors_info=&#8220;{}&#8220;][et_pb_row column_structure=&#8220;2_5,3_5&#8243; _builder_version=&#8220;4.27.5&#8243; _module_preset=&#8220;default&#8220; custom_padding=&#8220;||60px|||&#8220; global_colors_info=&#8220;{}&#8220;][et_pb_column type=&#8220;2_5&#8243; _builder_version=&#8220;4.27.5&#8243; _module_preset=&#8220;default&#8220; global_colors_info=&#8220;{}&#8220;][et_pb_text _builder_version=&#8220;4.27.5&#8243; _module_preset=&#8220;default&#8220; header_2_font=&#8220;ABeeZee||||||||&#8220; header_2_text_color=&#8220;#FFFFFF&#8220; header_2_font_size=&#8220;30px&#8220; custom_margin=&#8220;||-12px|||&#8220; global_colors_info=&#8220;{}&#8220;]<\/p>\n<h2><strong>Audio<\/strong><\/h2>\n<p>[\/et_pb_text][et_pb_divider color=&#8220;#FFFFFF&#8220; divider_position=&#8220;center&#8220; divider_weight=&#8220;4px&#8220; _builder_version=&#8220;4.27.5&#8243; _module_preset=&#8220;default&#8220; width=&#8220;34%&#8220; global_colors_info=&#8220;{}&#8220;][\/et_pb_divider][et_pb_icon font_icon=&#8220;&#xf3c9;||fa||900&#8243; icon_color=&#8220;#FFFFFF&#8220; align=&#8220;left&#8220; _builder_version=&#8220;4.27.5&#8243; _module_preset=&#8220;default&#8220; global_colors_info=&#8220;{}&#8220;][\/et_pb_icon][\/et_pb_column][et_pb_column type=&#8220;3_5&#8243; _builder_version=&#8220;4.27.5&#8243; _module_preset=&#8220;default&#8220; global_colors_info=&#8220;{}&#8220;][et_pb_text _builder_version=&#8220;4.27.5&#8243; _module_preset=&#8220;default&#8220; text_font=&#8220;ABeeZee||||||||&#8220; text_text_color=&#8220;#FFFFFF&#8220; link_text_color=&#8220;#FFFFFF&#8220; hover_enabled=&#8220;0&#8243; global_colors_info=&#8220;{}&#8220; sticky_enabled=&#8220;0&#8243;]<\/p>\n<p>Roos,<span> <\/span>C.<span> <\/span>(2026).<strong> Assessment-Center<\/strong>.<span> <\/span><br \/>In:<span> <\/span>Roos,<span> <\/span>C.<span> <\/span>(Hrsg.) (2026),<span> <\/span><i>Methoden-Futter<\/i><span> <\/span><i>to<\/i><span> <\/span><i>go<\/i>.<span> <\/span>Podcastfolge. <a href=\"https:\/\/open.spotify.com\/episode\/58shwKLqG9CDxaFt6tqbDY?si=s6MUTE97RIyf7n5oYbw1GA\" target=\"_blank\" rel=\"noopener\"><span style=\"text-decoration: underline;\">Spotify<\/span><\/a>.<\/p>\n<p>Roos, C. (2026). <strong>Homeoffice.<\/strong><br \/>In: Roos, B., Roos, C. &amp; Roos, N. (Hrsg.), Old School, New Rules &#8211; Jobtalk uncut. Podcastfolge. <a href=\"https:\/\/open.spotify.com\/show\/2POFRMn8mmdINkKR4gYm3R?si=65f2891c57444a2b\" target=\"_blank\" rel=\"noopener\" title=\"Spotify\"><span style=\"text-decoration: underline;\">Spotify<\/span><\/a>.<\/p>\n<p>Roos,<span> <\/span>C.<span> <\/span>(2026).<strong> Eignung und Passung<\/strong>.<span> <\/span><br \/>In:<span> <\/span>Roos,<span> <\/span>C.<span> <\/span>(Hrsg.) (2026),<span> <\/span><i>Methoden-Futter<\/i><span> <\/span><i>to<\/i><span> <\/span><i>go<\/i>.<span> <\/span>Podcastfolge. <a href=\"https:\/\/open.spotify.com\/episode\/1YfQ99GWymSWQOvhYz3KTf?si=J_beTI3xTxC74L_eFp7pWw\" target=\"_blank\" rel=\"noopener\"><span style=\"text-decoration: underline;\">Spotify<\/span><\/a>. <a href=\"https:\/\/open.spotify.com\/episode\/1YfQ99GWymSWQOvhYz3KTf?si=J_beTI3xTxC74L_eFp7pWw\" target=\"_blank\" rel=\"noopener\"><\/a><\/p>\n<p>Roos, C. (2026). <strong>Generationendiverses F\u00fchren.<\/strong><br \/>In: Roos, B., Roos, C. &amp; Roos, N. (Hrsg.), Old School, New Rules &#8211; Jobtalk uncut. Podcastfolge. <a href=\"https:\/\/open.spotify.com\/show\/2POFRMn8mmdINkKR4gYm3R?si=8bea33b459d94b0b\" target=\"_blank\" rel=\"noopener\" title=\"Spotify\"><span style=\"text-decoration: underline;\">Spotify<\/span><\/a>.<\/p>\n<p>Roos,<span> <\/span>C.<span> <\/span>(2026).<strong> G\u00fctekriterien in der Praxis<\/strong>.<span> <\/span><br \/>In:<span> <\/span>Roos,<span> <\/span>C.<span> <\/span>(Hrsg.) (2026),<span> <\/span><i>Methoden-Futter<\/i><span> <\/span><i>to<\/i><span> <\/span><i>go<\/i>.<span> <\/span>Podcastfolge.<span> <\/span><span style=\"text-decoration: underline;\"><a href=\"https:\/\/open.spotify.com\/episode\/2QTb230JHYA0oN9uKdzIwt?si=YIkhhmg1Tm2LLlBWmb3I5Q\" target=\"_blank\" rel=\"noopener\">Spotify<\/a><\/span>.<\/p>\n<p>Roos,<span> <\/span>C.<span> <\/span>(2026).<span> <\/span><strong>Zeugnisse und Zertifikate<\/strong>.<span> <\/span><br \/>In:<span> <\/span>Roos,<span> <\/span>C.<span> <\/span>(Hrsg.) (2026),<span> <\/span><i>Methoden-Futter<\/i><span> <\/span><i>to<\/i><span> <\/span><i>go<\/i>.<span> <\/span>Podcastfolge.<span> <\/span><span style=\"text-decoration: underline;\"><a href=\"https:\/\/open.spotify.com\/episode\/0xTTK8KzqtTT6UY2QK5gxO?si=ij3Mfg89Q-yWhvtXVdhG3A\u00a0\" target=\"_blank\" rel=\"noopener\">Spotify<\/a><\/span>. <a href=\"https:\/\/open.spotify.com\/episode\/0xTTK8KzqtTT6UY2QK5gxO?si=ij3Mfg89Q-yWhvtXVdhG3A\" target=\"_blank\" rel=\"noopener\"><\/a><\/p>\n<p>Roos,<span> <\/span>C.<span> <\/span>(2023).<span> <\/span><strong>F\u00fchrung in der digitalen \u00c4ra<\/strong>.<span> <\/span><br \/>In:<span> <\/span>Daude,<span> <\/span>M.<span> <\/span>(Hrsg.) (2023),<span> <\/span>VEEK@TALK.<span> <\/span>Podcastfolge.<span> <\/span><span style=\"text-decoration: underline;\"><a href=\"https:\/\/open.spotify.com\/episode\/5MxkGs2VtVbQsuFQsM5xhC?%20si=Q7MS1g8QTvezL9XdAIPNaA\" target=\"_blank\" rel=\"noopener\">Spotify<\/a><\/span>.<span>\u00a0<\/span><\/p>\n<p>[\/et_pb_text][\/et_pb_column][\/et_pb_row][\/et_pb_section][et_pb_section fb_built=&#8220;1&#8243; _builder_version=&#8220;4.27.5&#8243; _module_preset=&#8220;default&#8220; background_color=&#8220;#272e2e&#8220; custom_padding=&#8220;3px|||||&#8220; global_colors_info=&#8220;{}&#8220;][et_pb_row _builder_version=&#8220;4.27.5&#8243; _module_preset=&#8220;default&#8220; global_colors_info=&#8220;{}&#8220;][et_pb_column type=&#8220;4_4&#8243; _builder_version=&#8220;4.27.5&#8243; _module_preset=&#8220;default&#8220; global_colors_info=&#8220;{}&#8220;][et_pb_image src=&#8220;https:\/\/roos-consult.de\/wp-content\/uploads\/2026\/02\/roos-consult-publikationen-teaser-1024&#215;269-1.jpg&#8220; title_text=&#8220;roos-consult-publikationen-teaser-1024&#215;269&#8243; _builder_version=&#8220;4.27.5&#8243; _module_preset=&#8220;default&#8220; global_colors_info=&#8220;{}&#8220;][\/et_pb_image][\/et_pb_column][\/et_pb_row][\/et_pb_section][et_pb_section fb_built=&#8220;1&#8243; admin_label=&#8220;Footer&#8220; _builder_version=&#8220;4.24.2&#8243; _module_preset=&#8220;default&#8220; background_color=&#8220;#848484&#8243; custom_margin=&#8220;-1px|||||&#8220; custom_padding=&#8220;17px||3px|||&#8220; saved_tabs=&#8220;all&#8220; locked=&#8220;off&#8220; global_colors_info=&#8220;{}&#8220;][et_pb_row column_structure=&#8220;1_4,1_4,1_4,1_4&#8243; _builder_version=&#8220;4.24.2&#8243; _module_preset=&#8220;default&#8220; global_colors_info=&#8220;{}&#8220;][et_pb_column type=&#8220;1_4&#8243; _builder_version=&#8220;4.24.2&#8243; _module_preset=&#8220;default&#8220; global_colors_info=&#8220;{}&#8220;][et_pb_text _builder_version=&#8220;4.27.5&#8243; _module_preset=&#8220;default&#8220; header_2_font=&#8220;ABeeZee||||||||&#8220; header_2_text_color=&#8220;#272e2e&#8220; header_2_font_size=&#8220;30px&#8220; custom_margin=&#8220;|-18px|-11px|||&#8220; custom_padding=&#8220;||0px|||&#8220; global_colors_info=&#8220;{}&#8220;]<\/p>\n<h2><strong>Kontakt<\/strong><\/h2>\n<p>[\/et_pb_text][et_pb_divider color=&#8220;#272e2e&#8220; divider_position=&#8220;center&#8220; divider_weight=&#8220;4px&#8220; _builder_version=&#8220;4.24.2&#8243; _module_preset=&#8220;default&#8220; width=&#8220;34%&#8220; global_colors_info=&#8220;{}&#8220;][\/et_pb_divider][\/et_pb_column][et_pb_column type=&#8220;1_4&#8243; _builder_version=&#8220;4.24.2&#8243; _module_preset=&#8220;default&#8220; global_colors_info=&#8220;{}&#8220;][et_pb_text _builder_version=&#8220;4.24.2&#8243; _module_preset=&#8220;default&#8220; text_font=&#8220;ABeeZee||||||||&#8220; text_text_color=&#8220;#272e2e&#8220; text_line_height=&#8220;1em&#8220; custom_margin=&#8220;-2px|||||&#8220; global_colors_info=&#8220;{}&#8220;]<\/p>\n<p><strong>Schiphorst<\/strong><\/p>\n<p>Roos Consult GmbH &amp; Co. KG<\/p>\n<p>Steinhorster Weg 1b<\/p>\n<p>23847 Schiphorst<\/p>\n<p>+49 (0)4536 \/ 80 97 &#8211; 87<\/p>\n<p>info@roos-consult.de<\/p>\n<p>[\/et_pb_text][\/et_pb_column][et_pb_column type=&#8220;1_4&#8243; _builder_version=&#8220;4.24.2&#8243; _module_preset=&#8220;default&#8220; global_colors_info=&#8220;{}&#8220;][et_pb_text _builder_version=&#8220;4.24.2&#8243; _module_preset=&#8220;default&#8220; text_font=&#8220;ABeeZee||||||||&#8220; text_text_color=&#8220;#272e2e&#8220; text_line_height=&#8220;1em&#8220; custom_margin=&#8220;0px|||||&#8220; global_colors_info=&#8220;{}&#8220;]<\/p>\n<p><strong>Hamburg<\/strong><\/p>\n<p>Roos Consult GmbH &amp; Co. KG<\/p>\n<p>Colonnaden 5<\/p>\n<p>20354 Hamburg<\/p>\n<p>+49 (0)40 \/ 333 13 &#8211; 234<\/p>\n<p>info@roos-consult.de<\/p>\n<p>[\/et_pb_text][\/et_pb_column][et_pb_column type=&#8220;1_4&#8243; _builder_version=&#8220;4.24.2&#8243; _module_preset=&#8220;default&#8220; global_colors_info=&#8220;{}&#8220;][et_pb_text _builder_version=&#8220;4.27.5&#8243; _module_preset=&#8220;default&#8220; text_font=&#8220;ABeeZee||||||||&#8220; text_text_color=&#8220;#272e2e&#8220; text_line_height=&#8220;1em&#8220; custom_margin=&#8220;0px|||||&#8220; global_colors_info=&#8220;{}&#8220;]<\/p>\n<p><strong>Sandesneben (nur Konferenz)<\/strong><\/p>\n<p>Roos Consult GmbH &amp; Co. KG<\/p>\n<p>Hauptstrasse 69<\/p>\n<p>23898 Sandesneben<\/p>\n<p>+49 (0)4536 \/ 999 01 &#8211; 98<\/p>\n<p>info@roos-consult.de<\/p>\n<p>[\/et_pb_text][\/et_pb_column][\/et_pb_row][\/et_pb_section][et_pb_section fb_built=&#8220;1&#8243; admin_label=&#8220;Footer&#8220; _builder_version=&#8220;4.27.5&#8243; _module_preset=&#8220;default&#8220; background_color=&#8220;#272e2e&#8220; custom_margin=&#8220;-1px|||||&#8220; custom_padding=&#8220;17px||3px|||&#8220; saved_tabs=&#8220;all&#8220; locked=&#8220;off&#8220; global_colors_info=&#8220;{}&#8220;][et_pb_row column_structure=&#8220;1_4,1_4,1_4,1_4&#8243; _builder_version=&#8220;4.24.2&#8243; _module_preset=&#8220;default&#8220; global_colors_info=&#8220;{}&#8220;][et_pb_column type=&#8220;1_4&#8243; _builder_version=&#8220;4.24.2&#8243; _module_preset=&#8220;default&#8220; global_colors_info=&#8220;{}&#8220;][et_pb_image src=&#8220;https:\/\/roos-consult.de\/wp-content\/uploads\/2026\/02\/logo_roos_white.png&#8220; title_text=&#8220;logo_roos_white&#8220; _builder_version=&#8220;4.27.5&#8243; _module_preset=&#8220;default&#8220; custom_margin=&#8220;2px|||||&#8220; global_colors_info=&#8220;{}&#8220;][\/et_pb_image][\/et_pb_column][et_pb_column type=&#8220;1_4&#8243; _builder_version=&#8220;4.24.2&#8243; _module_preset=&#8220;default&#8220; global_colors_info=&#8220;{}&#8220;][et_pb_text _builder_version=&#8220;4.27.5&#8243; _dynamic_attributes=&#8220;link_option_url&#8220; _module_preset=&#8220;default&#8220; text_font=&#8220;ABeeZee||||||||&#8220; text_text_color=&#8220;#FFFFFF&#8220; text_line_height=&#8220;1em&#8220; custom_margin=&#8220;16px||1px|||&#8220; custom_padding=&#8220;||15px|||&#8220; link_option_url=&#8220;@ET-DC@eyJkeW5hbWljIjp0cnVlLCJjb250ZW50IjoicG9zdF9saW5rX3VybF9wYWdlIiwic2V0dGluZ3MiOnsicG9zdF9pZCI6IjM4NyJ9fQ==@&#8220; global_colors_info=&#8220;{}&#8220;]<\/p>\n<p>FAQ<\/p>\n<p>[\/et_pb_text][et_pb_text _builder_version=&#8220;4.27.5&#8243; _dynamic_attributes=&#8220;link_option_url&#8220; _module_preset=&#8220;default&#8220; text_font=&#8220;ABeeZee||||||||&#8220; text_text_color=&#8220;#FFFFFF&#8220; text_line_height=&#8220;1em&#8220; custom_margin=&#8220;-1px||8px|||&#8220; custom_padding=&#8220;||15px|||&#8220; link_option_url=&#8220;@ET-DC@eyJkeW5hbWljIjp0cnVlLCJjb250ZW50IjoicG9zdF9saW5rX3VybF9wYWdlIiwic2V0dGluZ3MiOnsicG9zdF9pZCI6IjQ4NyJ9fQ==@&#8220; global_colors_info=&#8220;{}&#8220;]<\/p>\n<p>Mitgliedschaften<\/p>\n<p>[\/et_pb_text][et_pb_text _builder_version=&#8220;4.27.5&#8243; _dynamic_attributes=&#8220;link_option_url&#8220; _module_preset=&#8220;default&#8220; text_font=&#8220;ABeeZee||||||||&#8220; text_text_color=&#8220;#FFFFFF&#8220; text_line_height=&#8220;1em&#8220; custom_margin=&#8220;-7px||8px|||&#8220; custom_padding=&#8220;||15px|||&#8220; link_option_url=&#8220;@ET-DC@eyJkeW5hbWljIjp0cnVlLCJjb250ZW50IjoicG9zdF9saW5rX3VybF9wYWdlIiwic2V0dGluZ3MiOnsicG9zdF9pZCI6IjQ5NyJ9fQ==@&#8220; global_colors_info=&#8220;{}&#8220;]<\/p>\n<p>Datenschutz<\/p>\n<p>[\/et_pb_text][et_pb_text _builder_version=&#8220;4.27.5&#8243; _dynamic_attributes=&#8220;link_option_url&#8220; _module_preset=&#8220;default&#8220; text_font=&#8220;ABeeZee||||||||&#8220; text_text_color=&#8220;#FFFFFF&#8220; text_line_height=&#8220;1em&#8220; custom_margin=&#8220;-9px||8px|||&#8220; custom_padding=&#8220;||15px|||&#8220; link_option_url=&#8220;@ET-DC@eyJkeW5hbWljIjp0cnVlLCJjb250ZW50IjoicG9zdF9saW5rX3VybF9wYWdlIiwic2V0dGluZ3MiOnsicG9zdF9pZCI6IjUxNCJ9fQ==@&#8220; global_colors_info=&#8220;{}&#8220;]<\/p>\n<p>Impressum<\/p>\n<p>[\/et_pb_text][\/et_pb_column][et_pb_column type=&#8220;1_4&#8243; _builder_version=&#8220;4.24.2&#8243; _module_preset=&#8220;default&#8220; global_colors_info=&#8220;{}&#8220;][\/et_pb_column][et_pb_column type=&#8220;1_4&#8243; _builder_version=&#8220;4.24.2&#8243; _module_preset=&#8220;default&#8220; global_colors_info=&#8220;{}&#8220;][\/et_pb_column][\/et_pb_row][\/et_pb_section]<\/p>\n","protected":false},"excerpt":{"rendered":"<p>Ver\u00f6ffentlichungen &nbsp;PrintRoos, C., Nickut, J. (2022). Ma\u00dfnahmen zur Karriereentwicklung. In: M\u00fcller-Vorb\u00fcggen, M. &amp; Radel, J. (Hrsg.), Handbuch Personalentwicklung &#8211; Die Praxis der Personalbildung, Personalf\u00f6rderung und Arbeitsstrukturierung, 5. Auflage (Freiburg: Schaeffer P\u00f6schel). Roos, C. (2019). Personalmarketing &#8211; Orientierung im Siegel-Dschungel. Hamburgs beste Ausbildungsbetriebe und Arbeitgeber 1\/2019, S. 14. Hamburg: Poleposition. Sarges, W. &amp; Roos, C. (2018). [&hellip;]<\/p>\n","protected":false},"author":1,"featured_media":0,"parent":0,"menu_order":0,"comment_status":"closed","ping_status":"closed","template":"","meta":{"_et_pb_use_builder":"on","_et_pb_old_content":"","_et_gb_content_width":"","footnotes":""},"class_list":["post-330","page","type-page","status-publish","hentry"],"_links":{"self":[{"href":"https:\/\/roos-consult.de\/index.php?rest_route=\/wp\/v2\/pages\/330","targetHints":{"allow":["GET"]}}],"collection":[{"href":"https:\/\/roos-consult.de\/index.php?rest_route=\/wp\/v2\/pages"}],"about":[{"href":"https:\/\/roos-consult.de\/index.php?rest_route=\/wp\/v2\/types\/page"}],"author":[{"embeddable":true,"href":"https:\/\/roos-consult.de\/index.php?rest_route=\/wp\/v2\/users\/1"}],"replies":[{"embeddable":true,"href":"https:\/\/roos-consult.de\/index.php?rest_route=%2Fwp%2Fv2%2Fcomments&post=330"}],"version-history":[{"count":34,"href":"https:\/\/roos-consult.de\/index.php?rest_route=\/wp\/v2\/pages\/330\/revisions"}],"predecessor-version":[{"id":648,"href":"https:\/\/roos-consult.de\/index.php?rest_route=\/wp\/v2\/pages\/330\/revisions\/648"}],"wp:attachment":[{"href":"https:\/\/roos-consult.de\/index.php?rest_route=%2Fwp%2Fv2%2Fmedia&parent=330"}],"curies":[{"name":"wp","href":"https:\/\/api.w.org\/{rel}","templated":true}]}}